{"id":150,"date":"2024-10-29T14:49:41","date_gmt":"2024-10-29T14:49:41","guid":{"rendered":"https:\/\/es-decor.us\/?page_id=150"},"modified":"2025-05-28T03:46:08","modified_gmt":"2025-05-28T03:46:08","slug":"pvc-panel-marble","status":"publish","type":"page","link":"https:\/\/es-decor.us\/?page_id=150","title":{"rendered":"SPC Panel Marble"},"content":{"rendered":"\n\n\n\n\n\n<p>Lorem Ipsum has been the industry&#8217;s standard dummy text ever since the 1500s.<\/p>\n\n\n\n\n\n\n\n\n\n\n\n<h2 [object NamedNodeMap]>SPC Panel Marble<\/h2>\n\n\n\n\n\n<span style=\"color:#ffffff;\"><p style=\"color: rgb(255, 255, 255);\">Es un panel decorativo de SPC de alta calidad y durabilidad. Es resistente a la humedad por lo que puede ser instalado en cocinas y ba\u00f1os.<\/p><br>Aqu\u00ed tienes algunas ideas sobre c\u00f3mo utilizarlas en tu hogar:<\/span>\n\n\n\n\n\n\n\n\n\n\n\n<h2>Lo que hemos desarrollado<\/h2>\n\n\n\n\n\n\n\n\n\n\n\n\n\n\n\n\n\n\n<h2>Nuestro producto<\/h2>\n\n\n\n<p [object NamedNodeMap]>Agrega textura y colores a todos tus espacios interiores con nuestros\u00a0Paneles Decorativos, reconocidos por su excepcional acabado y durabilidad. Nuestros paneles decorativos no solo embellecen tus ambientes, sino que tambi\u00e9n aportan una sensaci\u00f3n de calidez y modernidad. Ya sea que busques renovar una sala de estar, un dormitorio o incluso un muro del ba\u00f1o. Deja volar tu creatividad y transforma cualquier espacio en un lugar inspirador.<\/p>\n\n\n\n\n\n\n\nLorem Ipsum has been the industry&#8217;s standard dummy text ever since the 1500s, when an unknown printer took a galley of type and scrambled it to make a type specimen book.\n\n\nLorem Ipsum has been the industry&#8217;s standard dummy text ever since the 1500s, when an unknown printer took a galley of type and scrambled it to make a type specimen book.\n\n\nLorem Ipsum has been the industry&#8217;s standard dummy text ever since the 1500s, when an unknown printer took a galley of type and scrambled it to make a type specimen book.\n\n\n","protected":false},"excerpt":{"rendered":"","protected":false},"author":1,"featured_media":0,"parent":0,"menu_order":0,"comment_status":"closed","ping_status":"closed","template":"","meta":{"pagelayer_contact_templates":[],"_pagelayer_content":"","sfsi_plus_gutenberg_text_before_share":"","sfsi_plus_gutenberg_show_text_before_share":"","sfsi_plus_gutenberg_icon_type":"","sfsi_plus_gutenberg_icon_alignemt":"","sfsi_plus_gutenburg_max_per_row":"","footnotes":""},"class_list":["post-150","page","type-page","status-publish","hentry"],"_links":{"self":[{"href":"https:\/\/es-decor.us\/index.php?rest_route=\/wp\/v2\/pages\/150","targetHints":{"allow":["GET"]}}],"collection":[{"href":"https:\/\/es-decor.us\/index.php?rest_route=\/wp\/v2\/pages"}],"about":[{"href":"https:\/\/es-decor.us\/index.php?rest_route=\/wp\/v2\/types\/page"}],"author":[{"embeddable":true,"href":"https:\/\/es-decor.us\/index.php?rest_route=\/wp\/v2\/users\/1"}],"replies":[{"embeddable":true,"href":"https:\/\/es-decor.us\/index.php?rest_route=%2Fwp%2Fv2%2Fcomments&post=150"}],"version-history":[{"count":29,"href":"https:\/\/es-decor.us\/index.php?rest_route=\/wp\/v2\/pages\/150\/revisions"}],"predecessor-version":[{"id":752,"href":"https:\/\/es-decor.us\/index.php?rest_route=\/wp\/v2\/pages\/150\/revisions\/752"}],"wp:attachment":[{"href":"https:\/\/es-decor.us\/index.php?rest_route=%2Fwp%2Fv2%2Fmedia&parent=150"}],"curies":[{"name":"wp","href":"https:\/\/api.w.org\/{rel}","templated":true}]}}